 of z(m)?
2
Suppose 0 = -o - 3*o + 8. Suppose 3*v + 0*q = -q + 153, 0 = -o*v - q + 102. List the prime factors of v.
3, 17
Suppose 0 = 5*o - 98 - 162. What are the prime factors of o?
2, 13
Suppose -2 - 16 = 2*v. Let s = v - -45. Let i = s + -26. What are the prime factors of i?
2, 5
Let p(t) be the second derivative of t**6/120 - t**5/40 - t**4/4 - 2*t. Let f(u) be the third derivative of p(u). List the prime factors of f(4).
3, 7
Suppose -2*h + 0*h + 8 = 0. Suppose -4*g + 30 = -5*x, 15 = 5*g + x + h*x. What are the prime factors of g?
5
What are the prime factors of 14/((-6)/((-12)/4))?
7
Let r = -15 + 15. Suppose -26 = -5*l + 2*c + 32, 5*c - 5 = r. List the prime factors of l.
2, 3
Let w(u) = 3*u - 5. List the prime factors of w(14).
37
Suppose -1 = 4*u - 33. Let k(s) be the second derivative of -s**5/20 + 3*s**4/4 - s**3 - 5*s**2/2 - 2*s. What are the prime factors of k(u)?
11
List the prime factors of -4 + 2 + 36 + (-1 - 2).
31
Suppose 3*t = -t + 64. Let d be (44/t)/((-1)/4). Let i = -5 - d. What are the prime factors of i?
2, 3
Suppose -12 = -9*w + 6*w. Suppose -w*a = -5*d - 24, -3*a + 5*d + 25 = 3*d. Let v = -8 + a. List the prime factors of v.
3
Let j(l) = -l**2 - 7*l + 1. Let g(t) = t + 3. Let v be g(-3). Suppose 3*o + 2*o + x + 27 = v, 0 = -2*o + 5*x. List the prime factors of j(o).
11
Let c(o) = 2*o + 9. List the prime factors of c(0).
3
Suppose -5*p = 4*m - 23 - 15, -3*p + 2*m = -14. Let d(a) = 0*a - 7 + 16 - a. List the prime factors of d(p).
3
Suppose 3*c - 4 = h - 23, 2*h - c = 48. List the prime factors of h.
5
Let s(m) = m**3 + m**2 - 5*m - 15. What are the prime factors of s(6)?
3, 23
Suppose -5*f = -4*f - 14. Let r = -7 + f. What are the prime factors of r?
7
Suppose -108 = 2*i + 2*i. Let n be i/(-9) + 1*5. Suppose -4 - n = -2*v. List the prime factors of v.
2, 3
Let w = 2 + 0. Suppose 2*h + 20 = w*o - 2*h, 0 = 4*o + 2*h. Suppose 3 = -3*x, 3*x + 27 - 8 = o*k. List the prime factors of k.
2
Let b be -1 + (-1)/(1/(-61)). Suppose -3*s + b = -10*z + 5*z, 0 = -4*s + 5*z + 85. List the prime factors of s.
5
Let q(k) = 7*k**2 - 3*k + 2. Let i be q(2). Let c = i + -9. What are the prime factors of c?
3, 5
Let k = -3 - -4. Suppose -5*i = -9 - k. Suppose 4*b - 37 = u, i*b + 2*b - 17 = -3*u. What are the prime factors of b?
2
Let y be ((-2)/(-6))/(1/9). Let i = 14 + -9. Suppose 3 + 3 = s - y*d, -s = -2*d - i. What are the prime factors of s?
3
Let l be 1 + -2 + 15 + -2. Let y be (-2)/5*-11*5. Let u = y - l. What are the prime factors of u?
2, 5
Let q be (-6)/(-21)*(9 - 2). Suppose -k + 9 = q*k. Suppose k*j - 24 = j - h, 3*h + 6 = 0. What are the prime factors of j?
13
Suppose 215 = 80*m - 75*m. What are the prime factors of m?
43
Let s(z) = -2*z - 2. Let k be s(-4). Let b be -3*204/(-9) + 2. Suppose -k*w = -w - b. List the prime factors of w.
2, 7
Let q(v) = 2*v**3 + 14*v**2 + 4*v + 9. Let m(r) = -r**3 - 7*r**2 - 2*r - 4. Let k(z) = -7*m(z) - 3*q(z). What are the prime factors of k(-6)?
5
Suppose -3*l = 3*p - 126, 4*l = -5*p + 32 + 176. Suppose 2*j = -4 + p. What are the prime factors of j?
2, 3
Suppose -61 = 4*z - 3*y, z = 6*z + 2*y + 105. What are the prime factors of 2 - (z - (4 + -2))?
23
Let b(c) = 11*c + 6. What are the prime factors of b(5)?
61
Suppose r = -3*r + 152. What are the prime factors of r?
2, 19
Let j(y) = y + 5. What are the prime factors of j(0)?
5
Suppose 0*r - 4*r + 8 = 0. Let j be (-286)/(-77) - r/(-7). Suppose 0*v = -5*v - 15, -j*x + 2*v = -50. List the prime factors of x.
11
Let s = 4 + 30. List the prime factors of s.
2, 17
Suppose 5*m - 6 = 34. Let u(f) = f - 1. List the prime factors of u(m).
7
Suppose 0 = 5*h + 5*x + 49 + 21, 0 = h - 5*x - 10. Let o be (12/(-10))/(3/h). Suppose -k - 12 = -f + k, o*f - k = 27. What are the prime factors of f?
2, 3
Let h(r) = -3*r. Let n be h(-3). Let o be -1 - (-2 + 2) - n. What are the prime factors of (-4)/o + (-168)/(-30)?
2, 3
Suppose -x - 2664 = -9*x. What are the prime factors of x?
3, 37
Let m(h) = 2*h - 4. Let g be m(8). Suppose -6 = 3*f + g. List the prime factors of 9 - 1/(3/f).
11
Suppose -2*r + 14 = -8. List the prime factors of 16/(-2)*r/(-4).
2, 11
Suppose 0 = -5*h + 25, -19 = 4*o - 3*h - 236. Suppose -2*m = -2*t + t - 18, -5*m - 4*t = -o. List the prime factors of m.
2, 5
Let i = 195 - 53. List the prime factors of i.
2, 71
What are the prime factors of (6/(-4))/(((-7)/20)/7)?
2, 3, 5
Let h be (6/3)/((-1)/(-8)). Let a = h - 6. List the prime factors of a.
2, 5
Let f(g) = 5*g**2 + 1. Let y be f(-1). Let s = 6 + -7. What are the prime factors of 78/y + s*1?
2, 3
Let d = 80 - 46. What are the prime factors of d?
2, 17
Let c = -138 + 220. List the prime factors of c.
2, 41
Let t be (39 - 3/(-1)) + -2. Let q be (42/(-4))/((-15)/t). Suppose u = -3*p + q, -p + 4*u = u - 6. List the prime factors of p.
3
Let y be (-1 - (-1)/(-2))*-2. Let j = 134 + -131. Suppose -16 = -y*r - j*x + 2*x, r - 2*x = 17. List the prime factors of r.
7
Suppose w + 27 = 6*w - 3*k, -3*w = 5*k - 23. Let v(r) = r - 3. List the prime factors of v(w).
3
Let l be 3 - (3 + 3) - -6. Let w = l + 10. List the prime factors of w.
13
Suppose -4*y + 3*j = 11, 2 = 4*y + j + 25. Let a = y - -9. Suppose -q + 25 = a*q. What are the prime factors of q?
5
List the prime factors of (-1)/2 - (-28)/8.
3
Suppose -u + 5*s + 14 = -13, -s = 5*u - 57. Suppose l = 2*l - u. List the prime factors of l.
2, 3
Suppose 2*y - 52 = -2*v - y, -5*v + 4*y + 153 = 0. List the prime factors of v.
29
Let w(s) = s**3 + 7*s**2 - 9*s. Let d be w(-6). Suppose -6*f + 66 + d = 0. What are the prime factors of f?
2, 13
Let m(t) = t**2 + t - 1. Let w(g) = -g**3 - 5*g**2 + g + 3. Let x be w(-5). Let u = -5 - x. List the prime factors of m(u).
5
Let a(z) = 10*z**2 - z. List the prime factors of a(3).
3, 29
Suppose -2*v - 2*v + 20 = 0. Suppose v*h - 4*h - 3 = 0. What are the prime factors of h?
3
Suppose -4*w - 308 = -4*h, 122 = 5*h + 2*w - 249. What are the prime factors of h?
3, 5
What are the prime factors of 147 + 4 + 16/(-2)?
11, 13
Let v = 9 + -11. Let t = 16 + v. List the prime factors of t.
2, 7
Suppose -3*x - 6 = -4*a, -6*x + 2*x = 5*a - 23. Let t = 8 - 4. Suppose -c = m - x, -c + t = -2*m + m. List the prime factors of c.
3
Let j(w) = -w**2 + 12*w + 7. List the prime factors of j(6).
43
Let l be -2 + (2 - 1) + 35. Let u = l - 20. What are the prime factors of 46/u + (-2)/7?
3
Let m = -162 + 285. What are the prime factors of m/5 - 4/(-10)?
5
Let d be ((0 - -1) + 0)*2. Let l be 4/8 + 6/4. Let t = l + d. List the prime factors of t.
2
Let k(c) be the third derivative of c**4/24 + 5*c**3/6 + 6*c**2. Let s = -1 + -2. What are the prime factors of k(s)?
2
Suppose 5*m - 15 = 2*m. Let o(y) = y**3 - 3*y**2 - 5*y - 3. List the prime factors of o(m).
2, 11
What are the prime factors of 4/(-72)*-6 - 964/(-6)?
7, 23
Suppose -2*z - 1 - 3 = -2*s, 0 = -4*z + 2*s - 6. Let f = z - -5. List the prime factors of ((-2)/f)/(3/(-66)).
11
Suppose -83 = -3*g - 14. Suppose -26 = 4*d + p - 3*p, g = -2*d - p. Let q = d - -32. What are the prime factors of q?
23
Suppose -4*q + 0*a = -4*a - 52, 4*a = 3*q - 44. Let w = -4 + q. List the prime factors of w.
2
List the prime factors of (-1)/(351/(-174) - -2).
2, 29
Suppose -93 = -3*y - 3*d, 4*y - 3*y - 35 = -5*d. Suppose -6 - y = -r. List the prime factors of r.
2, 3
What are the prime factors of (1 + 442/(-4))*(-120)/45?
2, 73
Suppose -5*d = 2*q - 510, -q - 4*q - 545 = -5*d. List the prime factors of d.
2, 13
Suppose 3*r = 4*u - 56, u + 5*r - 53 + 16 = 0. Let z = -5 + u. What are the prime factors of z?
2, 3
Let s(t) = -t**2 - 1. Let u be s(1). Let w be (28/21)/(u/(-3)). Suppose -c = -w - 2. What are the prime factors of c?
2
Let v = 13 - 7. What are the prime factors of 40/6 + 2/v?
7
Suppose -4*j = j + 15. What are the prime factors of 2/(-6) - 19/j?
2, 3
What are the prime factors of (-2 + -1)/1 + 21?
2, 3
Let a be (-1)/((-1)/(-2)) + -9. Let u = a - -6. What are the prime factors of (12/(2 + u))/(-2)?
2
Let l(g) = 5*g - 2. Let o(i) = -i**3 - 6*i**2 + 2. Let j be o(-6). List the prime factors of l(j).
2
Let j = -16 - -52. What are the prime factors of j?
2, 3
Let p = 8 + -21. Let z(y) = y**3 + 13*y**2 - 3*y - 19. List the prime factors of z(p).
2, 5
Suppose 4 + 2 = 2*z. Suppose 4*k + 4 = z*u, 3*u + 4*k + 4 = 